{"id":689,"date":"2025-04-30T06:56:21","date_gmt":"2025-04-30T04:56:21","guid":{"rendered":"https:\/\/uni-freiburg.de\/act\/?page_id=689"},"modified":"2025-04-30T06:56:21","modified_gmt":"2025-04-30T04:56:21","slug":"fellowship-facilitation","status":"publish","type":"page","link":"https:\/\/uni-freiburg.de\/act\/fellowship-facilitation\/","title":{"rendered":"Fellowship Facilitation"},"content":{"rendered":"\n<div class=\"[&amp;amp;&amp;gt;*]:bl-relative last:[&amp;amp;&amp;gt;*.bl-absolute]:bl-absolute\n\t\t\t[&amp;amp;&amp;gt;*]:bl-z-20 last:[&amp;amp;&amp;gt;*]:bl-z-10 bl-relative bl-overflow-x-clip\n\t\t\t[.wp-block-ufr-section_&amp;amp;]:bl-overflow-x-visible\n\t\t\tbl-bg-identity-lightblue bl-text-identity-black dark:bl-bg-identity-lightblue dark:bl-text-identity-black bl-py-[24px]  align wp-block-ufr-section has-global-padding is-layout-constrained wp-block-ufr-section-is-layout-constrained\">\n\n\t\n\n<p>ACT, das Africa Centre for Transregional Research, unterst\u00fctzt Gastwissenschaftler*innen aus afrikanischen L\u00e4ndern bei der Suche nach M\u00f6glichkeiten, um als Stipendiat*innen an der Universit\u00e4t Freiburg aufgenommen zu werden. Gerne vermitteln wir Ihnen auch Kontakte zu anderen Universit\u00e4ten in Baden-W\u00fcrttemberg.<\/p>\n\n\n\n<p>Erfolgreichen Antragsteller*innen mit Affiliation an der Universit\u00e4t Freiburg bietet ACT weitere Dienstleistungen an und sorgt f\u00fcr Verbindungen zwischen beteiligten universit\u00e4ren Einrichtungen.<\/p>\n\n\n\n<p>Dar\u00fcber hinaus unterst\u00fctzen wir alle afrikanischen Fellows der baden-w\u00fcrttembergischen Universit\u00e4ten folgenderma\u00dfen:<\/p>\n\n\n\n<ul class=\"wp-block-list\">\n<li>Vermittlung von Kontakten zu wissenschaftlichen Mitgliedern des ACT zur Kooperationsanbahnung<\/li>\n\n\n\n<li>Vernetzung im wissenschaftlichen Kontext mit anderen Einrichtungen an der Universit\u00e4t Freiburg und Umgebung (z.B. Afrikanische Verb\u00e4nde, Bosch College, St\u00e4dtische Museen Freiburg, Theater Freiburg, Stadtverwaltung etc.)<\/li>\n\n\n\n<li>Weitere Optionen in der Zusammenarbeit mit ACT, falls Ihr Forschungsprojekt mit den u.g. Projekten von ACT kompatibel ist:\n<ul class=\"wp-block-list\">\n<li>Erstellung eines Videoformats<\/li>\n\n\n\n<li>Teilnahme an Freiburger Afrikagespr\u00e4chen<\/li>\n\n\n\n<li>Teilnahme an Kolloquien von Partnereinrichtungen (z.B. ABI)<\/li>\n\n\n\n<li>Arrangement von Vortr\u00e4gen an Partnereinrichtungen in Freiburg, Baden-W\u00fcrttemberg und auch dar\u00fcber hinaus<\/li>\n<\/ul>\n<\/li>\n<\/ul>\n\n\n\n<p>Bei Interesse senden Sie bitte eine Mail an <strong>anika.becher [a] act.uni-freiburg.de<\/strong>.<\/p>\n\n\t<\/div>\n","protected":false},"excerpt":{"rendered":"","protected":false},"author":307,"featured_media":0,"parent":0,"menu_order":0,"comment_status":"closed","ping_status":"closed","template":"","meta":{"_trash_the_other_posts":false,"editor_notices":[],"footnotes":""},"class_list":["post-689","page","type-page","status-publish","hentry"],"_links":{"self":[{"href":"https:\/\/uni-freiburg.de\/act\/wp-json\/wp\/v2\/pages\/689","targetHints":{"allow":["GET"]}}],"collection":[{"href":"https:\/\/uni-freiburg.de\/act\/wp-json\/wp\/v2\/pages"}],"about":[{"href":"https:\/\/uni-freiburg.de\/act\/wp-json\/wp\/v2\/types\/page"}],"author":[{"embeddable":true,"href":"https:\/\/uni-freiburg.de\/act\/wp-json\/wp\/v2\/users\/307"}],"replies":[{"embeddable":true,"href":"https:\/\/uni-freiburg.de\/act\/wp-json\/wp\/v2\/comments?post=689"}],"version-history":[{"count":1,"href":"https:\/\/uni-freiburg.de\/act\/wp-json\/wp\/v2\/pages\/689\/revisions"}],"predecessor-version":[{"id":691,"href":"https:\/\/uni-freiburg.de\/act\/wp-json\/wp\/v2\/pages\/689\/revisions\/691"}],"wp:attachment":[{"href":"https:\/\/uni-freiburg.de\/act\/wp-json\/wp\/v2\/media?parent=689"}],"curies":[{"name":"wp","href":"https:\/\/api.w.org\/{rel}","templated":true}]}}