{"id":328,"date":"2025-02-27T11:26:50","date_gmt":"2025-02-27T10:26:50","guid":{"rendered":"https:\/\/uni-freiburg.de\/fmf\/?page_id=328"},"modified":"2025-03-28T10:50:27","modified_gmt":"2025-03-28T09:50:27","slug":"bildungsangebote","status":"publish","type":"page","link":"https:\/\/uni-freiburg.de\/fmf\/bildungsangebote\/","title":{"rendered":"Bildungsangebote"},"content":{"rendered":"\n<div class=\"wp-block-cover alignfull\"><span aria-hidden=\"true\" class=\"wp-block-cover__background has-background-dim-0 has-background-dim\" style=\"background-color:#594f4c\"><\/span><img loading=\"lazy\" decoding=\"async\" width=\"1000\" height=\"667\" class=\"wp-block-cover__image-background wp-image-2178\" alt=\"\" src=\"https:\/\/uni-freiburg.de\/fmf\/wp-content\/uploads\/sites\/192\/JG_69391.jpg\" style=\"object-position:51% 38%\" data-object-fit=\"cover\" data-object-position=\"51% 38%\" srcset=\"https:\/\/uni-freiburg.de\/fmf\/wp-content\/uploads\/sites\/192\/JG_69391.jpg 1000w, https:\/\/uni-freiburg.de\/fmf\/wp-content\/uploads\/sites\/192\/JG_69391-300x200.jpg 300w, https:\/\/uni-freiburg.de\/fmf\/wp-content\/uploads\/sites\/192\/JG_69391-768x512.jpg 768w\" sizes=\"auto, (max-width: 1000px) 100vw, 1000px\" \/><div class=\"wp-block-cover__inner-container has-global-padding is-layout-constrained wp-block-cover-is-layout-constrained\">\n<p class=\"has-text-align-center\"><\/p>\n<\/div><\/div>\n\n\n\n<div class=\"[&amp;amp;&amp;gt;*]:bl-relative last:[&amp;amp;&amp;gt;*.bl-absolute]:bl-absolute\n\t\t\t[&amp;amp;&amp;gt;*]:bl-z-20 last:[&amp;amp;&amp;gt;*]:bl-z-10 bl-relative bl-overflow-x-clip\n\t\t\t[.wp-block-ufr-section_&amp;amp;]:bl-overflow-x-visible\n\t\t\tbl-bg-identity-lightblue bl-text-identity-black dark:bl-bg-identity-lightblue dark:bl-text-identity-black bl-py-[24px] alignfull wp-block-ufr-section has-global-padding is-layout-constrained wp-block-ufr-section-is-layout-constrained\">\n\n\t\n\n<div class=\"wp-block-columns is-layout-flex wp-container-core-columns-is-layout-28f84493 wp-block-columns-is-layout-flex\">\n<div class=\"wp-block-column is-layout-flow wp-block-column-is-layout-flow\" style=\"flex-basis:90%\">\n<p>Das Freiburger Materialforschungszentrum (FMF) steht als f\u00fchrende Forschungseinrichtung f\u00fcr interdisziplin\u00e4re Materialwissenschaften vor der Herausforderung, eine kontinuierliche Nachwuchsf\u00f6rderung sicherzustellen. Ziel des FMF ist es daher, das Interesse an den Materialwissenschaften bereits in der Schulzeit zu wecken und einen attraktiven Bildungs- und Karrierepfad bis in die Forschung zu schaffen. Dabei nimmt Networking eine Schl\u00fcsselrolle ein, um Wissenschaft, Industrie und Gesellschaft zusammenzubringen.<\/p>\n<\/div>\n<\/div>\n\n\t<\/div>\n\n\n\n<div class=\"[&amp;amp;&amp;gt;*]:bl-relative last:[&amp;amp;&amp;gt;*.bl-absolute]:bl-absolute\n\t\t\t[&amp;amp;&amp;gt;*]:bl-z-20 last:[&amp;amp;&amp;gt;*]:bl-z-10 bl-relative bl-overflow-x-clip\n\t\t\t[.wp-block-ufr-section_&amp;amp;]:bl-overflow-x-visible\n\t\t\tbl-bg-pure-white bl-text-identity-black dark:bl-bg-identity-darkblue dark:bl-text-pure-white bl-py-[24px] alignfull wp-block-ufr-section has-global-padding is-layout-constrained wp-block-ufr-section-is-layout-constrained\">\n\n\t\n\n<div class=\"wp-block-media-text is-stacked-on-mobile is-vertically-aligned-top\"><figure class=\"wp-block-media-text__media\"><img loading=\"lazy\" decoding=\"async\" width=\"1024\" height=\"681\" src=\"https:\/\/uni-freiburg.de\/fmf\/wp-content\/uploads\/sites\/192\/SKUB-2708-1024x681.jpg\" alt=\"\" class=\"wp-image-1791 size-full\" srcset=\"https:\/\/uni-freiburg.de\/fmf\/wp-content\/uploads\/sites\/192\/SKUB-2708-1024x681.jpg 1024w, https:\/\/uni-freiburg.de\/fmf\/wp-content\/uploads\/sites\/192\/SKUB-2708-300x200.jpg 300w, https:\/\/uni-freiburg.de\/fmf\/wp-content\/uploads\/sites\/192\/SKUB-2708-768x511.jpg 768w, https:\/\/uni-freiburg.de\/fmf\/wp-content\/uploads\/sites\/192\/SKUB-2708-1536x1022.jpg 1536w, https:\/\/uni-freiburg.de\/fmf\/wp-content\/uploads\/sites\/192\/SKUB-2708-2048x1362.jpg 2048w\" sizes=\"auto, (max-width: 1024px) 100vw, 1024px\" \/><\/figure><div class=\"wp-block-media-text__content\">\n<h3 class=\"wp-block-heading\">F\u00fcr Sch\u00fcler:innen<\/h3>\n\n\n\n<p>Am FMF k\u00f6nnt ihr Naturwissenschaften hautnah erleben. In spannenden Workshops und Experimenten erhaltet ihr Einblicke in die Materialforschung und entdeckt, wie Wissenschaft eure Zukunft mitgestalten kann. Wir laden euch ein, mit uns zu forschen und zu experimentieren.<\/p>\n\n\n\n<div class=\"is-layout-flex wp-block-ufr-buttons-is-layout-flex\">\n\t\n\n<div class=\"wp-block-ufr-button\"> \n\t<a href=\"https:\/\/uni-freiburg.de\/fmf\/bildungsangebote\/fuer-schuelerinnen\/\"\n\t\ttarget=\"_blank\" rel=\"noopener noreferrer\"\t\taria-label=\"\"\n\t\tclass=\"\n\t\tbl-text-[1.125rem] bl-leading-[1.5625rem] bl-px-[26px] bl-py-[7px] bl-border-[2px] bl-gap-[8px] !bl-decoration-2 !bl-underline-offset-[5px] focus-visible:bl-outline-offset-[6px]\t\tbl-no-underline hover:bl-underline bl-font-medium\n\t\t\n\t\tfocus-visible:bl-outline-dotted focus-visible:bl-outline-2 bl-border-identity-black bl-text-identity-black\n\t   hover:bl-bg-identity-blue-80 hover:bl-border-identity-blue-80 hover:bl-text-pure-white\n\t   active:bl-bg-identity-blue active:bl-text-pure-white active:bl-border-identity-blue\n\t   !bl-outline-identity-black dark:bl-text-pure-white dark:!bl-border-pure-white\n\t\tdark:hover:bl-text-identity-black dark:hover:bl-bg-identity-yellow-40 dark:hover:!bl-border-identity-yellow-40\n\t\tdark:active:bl-text-identity-black dark:active:bl-bg-identity-yellow dark:active:!bl-border-identity-yellow\n\t\tdark:!bl-outline-pure-white\t\tbl-inline-flex bl-flex-row bl-items-center motion-safe:bl-transition-colors\n\t\tmotion-safe:bl-duration-[400ms] justify-center bl-hyphens-auto\n\t\t\">\n\t\t<svg width=\"100%\" viewBox=\"0 0 35 50\" fill=\"none\" xmlns=\"http:\/\/www.w3.org\/2000\/svg\"\n\taria-label=\"chevron-right\" class=\"bl-w-[17px] bl-h-[20px] -bl-ml-[10px]\" role=\"img\">\n\t<title>chevron-right<\/title>\n\t<path d=\"M5.00012 5L25.6062 25.0002L5.00012 45\" stroke=\"currentColor\" stroke-width=\"12\" \/>\n<\/svg>\n\t\t<span class=\"bl-inline-block\">\n\t\t\tZu den Angeboten\t\t<\/span>\n\t<\/a>\n<\/div>\n\n<\/div>\n\n<\/div><\/div>\n\n\t<\/div>\n\n\n\n<div class=\"[&amp;amp;&amp;gt;*]:bl-relative last:[&amp;amp;&amp;gt;*.bl-absolute]:bl-absolute\n\t\t\t[&amp;amp;&amp;gt;*]:bl-z-20 last:[&amp;amp;&amp;gt;*]:bl-z-10 bl-relative bl-overflow-x-clip\n\t\t\t[.wp-block-ufr-section_&amp;amp;]:bl-overflow-x-visible\n\t\t\tbl-bg-identity-blue bl-text-pure-white dark:bl-bg-identity-blue dark:bl-text-pure-white bl-py-[24px] alignfull wp-block-ufr-section has-global-padding is-layout-constrained wp-block-ufr-section-is-layout-constrained\">\n\n\t\n\n<div class=\"wp-block-media-text has-media-on-the-right is-stacked-on-mobile is-vertically-aligned-top\"><div class=\"wp-block-media-text__content\">\n<h3 class=\"wp-block-heading\">F\u00fcr Studierende<\/h3>\n\n\n\n<p>Das FMF bietet euch zahlreiche M\u00f6glichkeiten, euer Wissen praktisch anzuwenden. Ob durch Praktika, Abschlussarbeiten oder den Austausch mit Expert:innen \u2013 hier k\u00f6nnt ihr wertvolle Erfahrungen in der Materialwissenschaft sammeln. Kn\u00fcpft Kontakte, erweitert eure Forschungskompetenzen und werdet Teil eines interdisziplin\u00e4ren Netzwerks!<\/p>\n\n\n\n<div class=\"is-layout-flex wp-block-ufr-buttons-is-layout-flex\">\n\t\n\n<div class=\"wp-block-ufr-button\"> \n\t<a href=\"https:\/\/uni-freiburg.de\/fmf\/bildungsangebote\/fuer-studierende\/\"\n\t\ttarget=\"_blank\" rel=\"noopener noreferrer\"\t\taria-label=\"\"\n\t\tclass=\"\n\t\tbl-text-[1.125rem] bl-leading-[1.5625rem] bl-px-[26px] bl-py-[7px] bl-border-[2px] bl-gap-[8px] !bl-decoration-2 !bl-underline-offset-[5px] focus-visible:bl-outline-offset-[6px]\t\tbl-no-underline hover:bl-underline bl-font-medium\n\t\t\n\t\tfocus-visible:bl-outline-dotted focus-visible:bl-outline-2 bl-text-pure-white dark:bl-border-pure-white\n\t   hover:bl-text-identity-black hover:bl-bg-identity-yellow-40 hover:bl-border-identity-yellow-40\n\t   active:bl-text-identity-black active:bl-bg-identity-yellow active:bl-border-identity-yellow\n\t   !bl-outline-pure-white dark:bl-text-pure-white dark:!bl-border-pure-white\n\t\tdark:hover:bl-text-identity-black dark:hover:bl-bg-identity-yellow-40 dark:hover:!bl-border-identity-yellow-40\n\t\tdark:active:bl-text-identity-black dark:active:bl-bg-identity-yellow dark:active:!bl-border-identity-yellow\n\t\tdark:!bl-outline-pure-white\t\tbl-inline-flex bl-flex-row bl-items-center motion-safe:bl-transition-colors\n\t\tmotion-safe:bl-duration-[400ms] justify-center bl-hyphens-auto\n\t\t\">\n\t\t<svg width=\"100%\" viewBox=\"0 0 35 50\" fill=\"none\" xmlns=\"http:\/\/www.w3.org\/2000\/svg\"\n\taria-label=\"chevron-right\" class=\"bl-w-[17px] bl-h-[20px] -bl-ml-[10px]\" role=\"img\">\n\t<title>chevron-right<\/title>\n\t<path d=\"M5.00012 5L25.6062 25.0002L5.00012 45\" stroke=\"currentColor\" stroke-width=\"12\" \/>\n<\/svg>\n\t\t<span class=\"bl-inline-block\">\n\t\t\tZu den Angeboten\t\t<\/span>\n\t<\/a>\n<\/div>\n\n<\/div>\n\n<\/div><figure class=\"wp-block-media-text__media\"><img loading=\"lazy\" decoding=\"async\" width=\"1024\" height=\"683\" src=\"https:\/\/uni-freiburg.de\/fmf\/wp-content\/uploads\/sites\/192\/fmf-2375-1024x683.jpg\" alt=\"\" class=\"wp-image-1792 size-full\" srcset=\"https:\/\/uni-freiburg.de\/fmf\/wp-content\/uploads\/sites\/192\/fmf-2375-1024x683.jpg 1024w, https:\/\/uni-freiburg.de\/fmf\/wp-content\/uploads\/sites\/192\/fmf-2375-300x200.jpg 300w, https:\/\/uni-freiburg.de\/fmf\/wp-content\/uploads\/sites\/192\/fmf-2375-768x512.jpg 768w, https:\/\/uni-freiburg.de\/fmf\/wp-content\/uploads\/sites\/192\/fmf-2375.jpg 1080w\" sizes=\"auto, (max-width: 1024px) 100vw, 1024px\" \/><\/figure><\/div>\n\n\t<\/div>\n\n\n\n<div class=\"[&amp;amp;&amp;gt;*]:bl-relative last:[&amp;amp;&amp;gt;*.bl-absolute]:bl-absolute\n\t\t\t[&amp;amp;&amp;gt;*]:bl-z-20 last:[&amp;amp;&amp;gt;*]:bl-z-10 bl-relative bl-overflow-x-clip\n\t\t\t[.wp-block-ufr-section_&amp;amp;]:bl-overflow-x-visible\n\t\t\tbl-bg-pure-white bl-text-identity-black dark:bl-bg-identity-darkblue dark:bl-text-pure-white bl-py-[24px] alignfull wp-block-ufr-section has-global-padding is-layout-constrained wp-block-ufr-section-is-layout-constrained\">\n\n\t\n\n<div class=\"wp-block-media-text is-stacked-on-mobile is-vertically-aligned-top\"><figure class=\"wp-block-media-text__media\"><img loading=\"lazy\" decoding=\"async\" width=\"800\" height=\"555\" src=\"https:\/\/uni-freiburg.de\/fmf\/wp-content\/uploads\/sites\/192\/test.jpg\" alt=\"\" class=\"wp-image-1790 size-full\" srcset=\"https:\/\/uni-freiburg.de\/fmf\/wp-content\/uploads\/sites\/192\/test.jpg 800w, https:\/\/uni-freiburg.de\/fmf\/wp-content\/uploads\/sites\/192\/test-300x208.jpg 300w, https:\/\/uni-freiburg.de\/fmf\/wp-content\/uploads\/sites\/192\/test-768x533.jpg 768w\" sizes=\"auto, (max-width: 800px) 100vw, 800px\" \/><\/figure><div class=\"wp-block-media-text__content\">\n<h3 class=\"wp-block-heading\">F\u00fcr Bildungseinrichtungen<\/h3>\n\n\n\n<p>Das FMF kooperiert mit Schulen und weiteren Bildungsanbietern, um MINT-Bildung praxisnah zu gestalten. Durch Fachvortr\u00e4ge, Experimentierangebote und gemeinsame Projekte erm\u00f6glichen wir Sch\u00fcler:innen und Studierenden spannende Einblicke in die Materialwissenschaft. Lassen Sie uns gemeinsam Wisenschaft erlebbar machen und junge Talente f\u00f6rdern!<\/p>\n\n\n\n<div class=\"is-layout-flex wp-block-ufr-buttons-is-layout-flex\">\n\t\n\n<div class=\"wp-block-ufr-button\"> \n\t<a href=\"https:\/\/uni-freiburg.de\/fmf\/bildungsangebote\/fuer-bildungseinrichtungen\/\"\n\t\ttarget=\"_blank\" rel=\"noopener noreferrer\"\t\taria-label=\"\"\n\t\tclass=\"\n\t\tbl-text-[1.125rem] bl-leading-[1.5625rem] bl-px-[26px] bl-py-[7px] bl-border-[2px] bl-gap-[8px] !bl-decoration-2 !bl-underline-offset-[5px] focus-visible:bl-outline-offset-[6px]\t\tbl-no-underline hover:bl-underline bl-font-medium\n\t\t\n\t\tfocus-visible:bl-outline-dotted focus-visible:bl-outline-2 bl-border-identity-black bl-text-identity-black\n\t   hover:bl-bg-identity-blue-80 hover:bl-border-identity-blue-80 hover:bl-text-pure-white\n\t   active:bl-bg-identity-blue active:bl-text-pure-white active:bl-border-identity-blue\n\t   !bl-outline-identity-black dark:bl-text-pure-white dark:!bl-border-pure-white\n\t\tdark:hover:bl-text-identity-black dark:hover:bl-bg-identity-yellow-40 dark:hover:!bl-border-identity-yellow-40\n\t\tdark:active:bl-text-identity-black dark:active:bl-bg-identity-yellow dark:active:!bl-border-identity-yellow\n\t\tdark:!bl-outline-pure-white\t\tbl-inline-flex bl-flex-row bl-items-center motion-safe:bl-transition-colors\n\t\tmotion-safe:bl-duration-[400ms] justify-center bl-hyphens-auto\n\t\t\">\n\t\t<svg width=\"100%\" viewBox=\"0 0 35 50\" fill=\"none\" xmlns=\"http:\/\/www.w3.org\/2000\/svg\"\n\taria-label=\"chevron-right\" class=\"bl-w-[17px] bl-h-[20px] -bl-ml-[10px]\" role=\"img\">\n\t<title>chevron-right<\/title>\n\t<path d=\"M5.00012 5L25.6062 25.0002L5.00012 45\" stroke=\"currentColor\" stroke-width=\"12\" \/>\n<\/svg>\n\t\t<span class=\"bl-inline-block\">\n\t\t\tZu den Angeboten\t\t<\/span>\n\t<\/a>\n<\/div>\n\n<\/div>\n\n<\/div><\/div>\n\n\t<\/div>\n\n\n\n<div class=\"[&amp;amp;&amp;gt;*]:bl-relative last:[&amp;amp;&amp;gt;*.bl-absolute]:bl-absolute\n\t\t\t[&amp;amp;&amp;gt;*]:bl-z-20 last:[&amp;amp;&amp;gt;*]:bl-z-10 bl-relative bl-overflow-x-clip\n\t\t\t[.wp-block-ufr-section_&amp;amp;]:bl-overflow-x-visible\n\t\t\tbl-bg-identity-lightblue bl-text-identity-black dark:bl-bg-identity-lightblue dark:bl-text-identity-black bl-py-[24px] alignfull wp-block-ufr-section has-global-padding is-layout-constrained wp-block-ufr-section-is-layout-constrained\">\n\n\t\n\n<div class=\"wp-block-media-text has-media-on-the-right is-stacked-on-mobile is-vertically-aligned-top\"><div class=\"wp-block-media-text__content\">\n<h3 class=\"wp-block-heading\">F\u00fcr B\u00fcrger:innen<\/h3>\n\n\n\n<p>Dieser Programmpunkt richtet sich an alle Mitb\u00fcrger:innen von 10-99 Jahren. Das FMF l\u00e4dt Sie dazu ein, aktuelle Forschungsthemen kennenzulernen und aktiv mitzugestalten. In Vortr\u00e4gen, Mitmach-Events und Citizen-Science-Projekten erfahren Sie, wie Materialforschung unseren Alltag beeinflusst und welche nachhaltigen L\u00f6sungen sie f\u00fcr die Zukunft bietet.<\/p>\n\n\n\n<div class=\"is-layout-flex wp-block-ufr-buttons-is-layout-flex\">\n\t\n\n<div class=\"wp-block-ufr-button\"> \n\t<a href=\"https:\/\/uni-freiburg.de\/fmf\/bildungsangebote\/fuer-buergerinnen\/\"\n\t\ttarget=\"_blank\" rel=\"noopener noreferrer\"\t\taria-label=\"\"\n\t\tclass=\"\n\t\tbl-text-[1.125rem] bl-leading-[1.5625rem] bl-px-[26px] bl-py-[7px] bl-border-[2px] bl-gap-[8px] !bl-decoration-2 !bl-underline-offset-[5px] focus-visible:bl-outline-offset-[6px]\t\tbl-no-underline hover:bl-underline bl-font-medium\n\t\t\n\t\tfocus-visible:bl-outline-dotted focus-visible:bl-outline-2 bl-border-identity-black bl-text-identity-black\n\t   hover:bl-bg-identity-blue-80 hover:bl-border-identity-blue-80 hover:bl-text-pure-white\n\t   active:bl-bg-identity-blue active:bl-text-pure-white active:bl-border-identity-blue\n\t   !bl-outline-identity-black dark:!bl-border-identity-black dark:bl-text-identity-black\n\t\tdark:hover:bl-bg-identity-blue-80 dark:hover:!bl-border-identity-blue-80 dark:hover:bl-text-pure-white\n\t\tdark:active:bl-bg-identity-blue dark:active:bl-text-pure-white dark:active:!bl-border-identity-blue\n\t\tdark:!bl-outline-identity-black\t\tbl-inline-flex bl-flex-row bl-items-center motion-safe:bl-transition-colors\n\t\tmotion-safe:bl-duration-[400ms] justify-center bl-hyphens-auto\n\t\t\">\n\t\t<svg width=\"100%\" viewBox=\"0 0 35 50\" fill=\"none\" xmlns=\"http:\/\/www.w3.org\/2000\/svg\"\n\taria-label=\"chevron-right\" class=\"bl-w-[17px] bl-h-[20px] -bl-ml-[10px]\" role=\"img\">\n\t<title>chevron-right<\/title>\n\t<path d=\"M5.00012 5L25.6062 25.0002L5.00012 45\" stroke=\"currentColor\" stroke-width=\"12\" \/>\n<\/svg>\n\t\t<span class=\"bl-inline-block\">\n\t\t\tZu den Angeboten\t\t<\/span>\n\t<\/a>\n<\/div>\n\n<\/div>\n\n<\/div><figure class=\"wp-block-media-text__media\"><img loading=\"lazy\" decoding=\"async\" width=\"1024\" height=\"683\" src=\"https:\/\/uni-freiburg.de\/fmf\/wp-content\/uploads\/sites\/192\/2025_02_lyb_research-hub_0476_fav_small-1024x683.jpg\" alt=\"\" class=\"wp-image-2441 size-full\" srcset=\"https:\/\/uni-freiburg.de\/fmf\/wp-content\/uploads\/sites\/192\/2025_02_lyb_research-hub_0476_fav_small-1024x683.jpg 1024w, https:\/\/uni-freiburg.de\/fmf\/wp-content\/uploads\/sites\/192\/2025_02_lyb_research-hub_0476_fav_small-300x200.jpg 300w, https:\/\/uni-freiburg.de\/fmf\/wp-content\/uploads\/sites\/192\/2025_02_lyb_research-hub_0476_fav_small-768x512.jpg 768w, https:\/\/uni-freiburg.de\/fmf\/wp-content\/uploads\/sites\/192\/2025_02_lyb_research-hub_0476_fav_small-1536x1024.jpg 1536w, https:\/\/uni-freiburg.de\/fmf\/wp-content\/uploads\/sites\/192\/2025_02_lyb_research-hub_0476_fav_small.jpg 2041w\" sizes=\"auto, (max-width: 1024px) 100vw, 1024px\" \/><\/figure><\/div>\n\n\t<\/div>\n\n\n\n<h2 class=\"wp-block-heading\">Ansprechperson<\/h2>\n\n\n\n\n<div\n\tclass=\"bl-@container\/teaser-person \n\t\tbl-bg-identity-darkblue bl-text-pure-white dark:bl-bg-identity-darkblue dark:bl-text-pure-white\t\tbl-relative bl-self-stretch\n\t\tbl-min-w-full md:bl-min-w-[660px] xl:bl-min-w-[310px]\"\n\tdata-role=\"teaser-contact\">\n\n\t<div class=\"\n\t\tbl-flex bl-flex-col bl-h-full\n\t\t@[500px]\/teaser-person:!bl-flex-row\n\t\t@md\/teaser-person:!bl-flex-row\">\n\n\t\t\t\t\t<img decoding=\"async\" src=\"https:\/\/uni-freiburg.de\/fmf\/wp-content\/uploads\/sites\/192\/Anja-Goessel-Foto-Angela-Thie7-scaled.jpg\" alt=\"\"\n\t\t\t\t\t\t\tclass=\"@[500px]\/teaser-person:bl-w-[233px] @[500px]\/teaser-person:bl-min-w-[233px] @md\/teaser-person:bl-w-[310px] @md\/teaser-person:bl-min-w-[310px] bl-aspect-square bl-object-cover bl-self-start\" \/>\n\t\t\n\t\t<div\n\t\t\tclass=\"bl-flex-grow bl-flex bl-flex-col bl-h-full bl-justify-between bl-px-[25px] bl-py-[20px]\n\t\t\t\t\t\tmd:bl-px-[45px] md:bl-py-[40px]\n\t\t\t\t\t\t@[500px]\/teaser-person:xl:bl-ps-[106px]\n\t\t\t\t\t\txl:bl-px-[55px] xl:bl-py-[50px] [overflow-wrap:anywhere]\"\n\t\t>\n\t\t\t<div>\n\t\t\t\t\t\t\t\t<p\n\t\t\t\t\tclass=\"font-medium bl-text-inherit dark:bl-text-inherit bl-m-0 bl-mb-[5px]\n\t\t\t\t\t\t\t\tbl-text-[1rem] bl-leading-[1.375rem]\n\t\t\t\t\t\t\t\tmd:bl-text-[1.125rem] md:bl-leading-[1.375rem]\n\t\t\t\t\t\t\t\txl:bl-text-[1.375rem] xl:bl-leading-[2.0625rem]\"\n\t\t\t\t>\n\t\t\t\tAnja G\u00f6ssel\t\t\t\t<\/p>\n\t\t\t\t<p\n\t\t\t\t\tclass=\"bl-font-book\n\t\t\t\t\t\t\t\tbl-text-[1rem] bl-leading-[1.375rem]\n\t\t\t\t\t\t\t\tmd:bl-text-[1.125rem] md:bl-leading-[1.375rem]\n\t\t\t\t\t\t\t\txl:bl-text-[1.375rem] xl:bl-leading-[2.0625rem] bl-mt-0 bl-mb-[10px]\n\t\t\t\t\t\t\t\t[&amp;_a]:bl-text-pure-white hover:[&amp;_a]:bl-text-identity-yellow-60 active:[&amp;_a]:bl-text-identity-yellow [&amp;_a]:dark:bl-text-pure-white dark:hover:[&amp;_a]:bl-text-identity-yellow-60 dark:active:[&amp;_a]:bl-text-identity-yellow\"\n\t\t\t\t>\n\t\t\t\t\tProjektleitung &#8222;LebensLangesLernen&#8220;\t\t\t\t<\/p>\n\t\t\t\t<ul class=\"bl-divide-y-2 bl-divide-current bl-m-0 bl-p-0 bl-mb-[30px] [&amp;_a]:bl-text-pure-white hover:[&amp;_a]:bl-text-identity-yellow-60 active:[&amp;_a]:bl-text-identity-yellow [&amp;_a]:dark:bl-text-pure-white dark:hover:[&amp;_a]:bl-text-identity-yellow-60 dark:active:[&amp;_a]:bl-text-identity-yellow [&amp;_button]:bl-text-pure-white hover:[&amp;_button]:bl-text-identity-yellow-60 active:[&amp;_button]:bl-text-identity-yellow [&amp;_button]:dark:bl-text-pure-white dark:hover:[&amp;_button]:bl-text-identity-yellow-60 dark:active:[&amp;_button]:bl-text-identity-yellow\">\n\t\t\t\t\t\n<li class=\"bl-group\/contactlistitem\n\tbl-flex bl-flex-row\n\tbl-py-[6px] md:bl-py-[10px] xl:bl-py-[14px]\"\n\taria-expanded=\"false\"\n\tdata-role=\"contactlist-item\">\n\n\t<div class=\"bl-flex bl-justify-center group-aria-expanded\/contactlistitem:bl-justify-normal bl-flex-col bl-w-full bl-text-start\">\n\n\t\t\t\t\t<button class=\"bl-transition-colors bl-duration-[400ms] bl-flex bl-flex-row bl-text-start bl-w-full\" data-action=\"toggle-item\">\n\t\t\t\t<span class=\"bl-flex-shrink-0 bl-me-[10px] md:bl-me-[20px] xl:bl-me-[24px] bl-mt-[6px]\">\n\t\t\t\t\t\t\t\t\t\t\t<svg height=\"100%\" xmlns=\"http:\/\/www.w3.org\/2000\/svg\" viewBox=\"0 0 512 512\" aria-label=\"\" class=\"bl-w-[14px] bl-h-[14px] md:bl-w-[16px] md:bl-h-[16px] xl:bl-w-[20px] xl:bl-h-[20px]\" role=\"img\">\n\t<title><\/title>\n\t<path fill=\"currentColor\" d=\"M48 64C21.5 64 0 85.5 0 112c0 15.1 7.1 29.3 19.2 38.4L236.8 313.6c11.4 8.5 27 8.5 38.4 0L492.8 150.4c12.1-9.1 19.2-23.3 19.2-38.4c0-26.5-21.5-48-48-48H48zM0 176V384c0 35.3 28.7 64 64 64H448c35.3 0 64-28.7 64-64V176L294.4 339.2c-22.8 17.1-54 17.1-76.8 0L0 176z\"\/>\n<\/svg>\n\t\t\t\t\t\t\t\t\t<\/span>\n\t\t\t\t<span class=\"bl-flex-grow bl-self-center [&#038;_a]:bl-font-medium\">\n\n\t\t\t\t\t\t\t\t\t\t<strong>Mail<\/strong>\t\t\t\t<\/span>\n\t\t\t\t<span class=\"bl-text-current bl-flex-shrink-0 bl-me-[2px] bl-ms-[16px] bl-self-center\">\n\t\t\t\t\t<svg width=\"24\" height=\"17\" viewBox=\"0 0 24 17\" fill=\"none\" xmlns=\"http:\/\/www.w3.org\/2000\/svg\"\n\taria-label=\"Toggle item expansion\" class=\"bl-text-current bl-flex-shrink-0 bl-rotate-180 group-aria-expanded\/contactlistitem:bl-rotate-0 bl-m-0 bl-p-0\" role=\"img\">\n\t<title><\/title>\n\t<path d=\"M12.0001 8.57706L4.28662 16.5242L-1.81865e-07 12.3636L12.0001 -4.43936e-05L24 12.3636L19.7133 16.5241L12.0001 8.57706Z\" fill=\"currentColor\"\/>\n<\/svg>\n\t\t\t\t<\/span>\n\t\t\t<\/button>\n\t\t\t<p class=\"bl-ps-[24px] md:bl-ps-[36px] xl:bl-ps-[44px] bl-m-0 bl-p-0 [&#038;_a]:bl-font-medium bl-w-full bl-hidden group-aria-expanded\/contactlistitem:bl-block\">\n\n\t\t\t\t\t\t\t\t\tanja.goessel@fmf.uni.freiburg.de\t\t\t<\/p>\n\t\t\t<\/div>\n<\/li>\n\n\n<li class=\"bl-group\/contactlistitem\n\tbl-flex bl-flex-row\n\tbl-py-[6px] md:bl-py-[10px] xl:bl-py-[14px]\"\n\taria-expanded=\"false\"\n\tdata-role=\"contactlist-item\">\n\n\t<div class=\"bl-flex bl-justify-center group-aria-expanded\/contactlistitem:bl-justify-normal bl-flex-col bl-w-full bl-text-start\">\n\n\t\t\t\t\t<button class=\"bl-transition-colors bl-duration-[400ms] bl-flex bl-flex-row bl-text-start bl-w-full\" data-action=\"toggle-item\">\n\t\t\t\t<span class=\"bl-flex-shrink-0 bl-me-[10px] md:bl-me-[20px] xl:bl-me-[24px] bl-mt-[6px]\">\n\t\t\t\t\t\t\t\t\t\t\t<svg height=\"100%\" xmlns=\"http:\/\/www.w3.org\/2000\/svg\" viewBox=\"0 0 512 512\" aria-label=\"\" class=\"bl-w-[14px] bl-h-[14px] md:bl-w-[16px] md:bl-h-[16px] xl:bl-w-[20px] xl:bl-h-[20px]\" role=\"img\">\n\t<title><\/title>\n\t<path fill=\"currentColor\" d=\"M164.9 24.6c-7.7-18.6-28-28.5-47.4-23.2l-88 24C12.1 30.2 0 46 0 64C0 311.4 200.6 512 448 512c18 0 33.8-12.1 38.6-29.5l24-88c5.3-19.4-4.6-39.7-23.2-47.4l-96-40c-16.3-6.8-35.2-2.1-46.3 11.6L304.7 368C234.3 334.7 177.3 277.7 144 207.3L193.3 167c13.7-11.2 18.4-30 11.6-46.3l-40-96z\"\/>\n<\/svg>\n\t\t\t\t\t\t\t\t\t<\/span>\n\t\t\t\t<span class=\"bl-flex-grow bl-self-center [&#038;_a]:bl-font-medium\">\n\n\t\t\t\t\t\t\t\t\t\t<strong>Telefon<\/strong>\t\t\t\t<\/span>\n\t\t\t\t<span class=\"bl-text-current bl-flex-shrink-0 bl-me-[2px] bl-ms-[16px] bl-self-center\">\n\t\t\t\t\t<svg width=\"24\" height=\"17\" viewBox=\"0 0 24 17\" fill=\"none\" xmlns=\"http:\/\/www.w3.org\/2000\/svg\"\n\taria-label=\"Toggle item expansion\" class=\"bl-text-current bl-flex-shrink-0 bl-rotate-180 group-aria-expanded\/contactlistitem:bl-rotate-0 bl-m-0 bl-p-0\" role=\"img\">\n\t<title><\/title>\n\t<path d=\"M12.0001 8.57706L4.28662 16.5242L-1.81865e-07 12.3636L12.0001 -4.43936e-05L24 12.3636L19.7133 16.5241L12.0001 8.57706Z\" fill=\"currentColor\"\/>\n<\/svg>\n\t\t\t\t<\/span>\n\t\t\t<\/button>\n\t\t\t<p class=\"bl-ps-[24px] md:bl-ps-[36px] xl:bl-ps-[44px] bl-m-0 bl-p-0 [&#038;_a]:bl-font-medium bl-w-full bl-hidden group-aria-expanded\/contactlistitem:bl-block\">\n\n\t\t\t\t\t\t\t\t\t0761 \/ 203 4706\t\t\t<\/p>\n\t\t\t<\/div>\n<\/li>\n\n\t\t\t\t<\/ul>\n\t\t\t<\/div>\n\t\t\t\t\t<\/div>\n\n\t<\/div>\n<\/div>\n","protected":false},"excerpt":{"rendered":"<p>Ansprechperson<\/p>\n","protected":false},"author":368,"featured_media":0,"parent":0,"menu_order":0,"comment_status":"closed","ping_status":"closed","template":"","meta":{"_trash_the_other_posts":false,"editor_notices":[],"footnotes":""},"class_list":["post-328","page","type-page","status-publish","hentry"],"_links":{"self":[{"href":"https:\/\/uni-freiburg.de\/fmf\/wp-json\/wp\/v2\/pages\/328","targetHints":{"allow":["GET"]}}],"collection":[{"href":"https:\/\/uni-freiburg.de\/fmf\/wp-json\/wp\/v2\/pages"}],"about":[{"href":"https:\/\/uni-freiburg.de\/fmf\/wp-json\/wp\/v2\/types\/page"}],"author":[{"embeddable":true,"href":"https:\/\/uni-freiburg.de\/fmf\/wp-json\/wp\/v2\/users\/368"}],"replies":[{"embeddable":true,"href":"https:\/\/uni-freiburg.de\/fmf\/wp-json\/wp\/v2\/comments?post=328"}],"version-history":[{"count":30,"href":"https:\/\/uni-freiburg.de\/fmf\/wp-json\/wp\/v2\/pages\/328\/revisions"}],"predecessor-version":[{"id":4267,"href":"https:\/\/uni-freiburg.de\/fmf\/wp-json\/wp\/v2\/pages\/328\/revisions\/4267"}],"wp:attachment":[{"href":"https:\/\/uni-freiburg.de\/fmf\/wp-json\/wp\/v2\/media?parent=328"}],"curies":[{"name":"wp","href":"https:\/\/api.w.org\/{rel}","templated":true}]}}