{"id":293,"date":"2025-02-09T19:04:42","date_gmt":"2025-02-09T18:04:42","guid":{"rendered":"https:\/\/uni-freiburg.de\/ska\/?page_id=293"},"modified":"2026-06-25T14:39:37","modified_gmt":"2026-06-25T12:39:37","slug":"institut","status":"publish","type":"page","link":"https:\/\/uni-freiburg.de\/ska\/startseite\/institut\/","title":{"rendered":"Institut"},"content":{"rendered":"\n<div style=\"height:25px\" aria-hidden=\"true\" class=\"wp-block-spacer\"><\/div>\n\n\n\n<div class=\"[&amp;&gt;*]:bl-relative last:[&amp;&gt;*.bl-absolute]:bl-absolute [&amp;&gt;*]:bl-z-20 last:[&amp;&gt;*]:bl-z-10 bl-relative bl-overflow-x-clip [.wp-block-ufr-section_&amp;]:bl-overflow-x-visible bl-bg-transparent bl-text-inherit dark:bl-bg-transparent dark:bl-text-inherit alignfull wp-block-ufr-section has-global-padding is-layout-constrained wp-block-ufr-section-is-layout-constrained\">\n\n\t\n\n<p class=\"wp-block-paragraph\">Das Freiburger Institut f\u00fcr Sozial- und Kulturanthropologie verbindet die ethnographische Erforschung lokaler Lebenswelten mit der Analyse globaler Zusammenh\u00e4nge und gesellschaftlich relevanter Fragestellungen. Zugleich verstehen wir unser Institut als einen Ort des Austauschs, des gemeinsamen Gestaltens und der kritischen Reflexion. Im Vergleich zu gr\u00f6\u00dferen Standorten erm\u00f6glicht die \u00fcberschaubare Gr\u00f6\u00dfe unseres Instituts eine pers\u00f6nliche Arbeits- und Lernatmosph\u00e4re sowie einen engen Austausch zwischen Lehrenden und Studierenden.<\/p>\n\n\n\n<p class=\"wp-block-paragraph\">Forschung und Lehre zeichnen sich durch eine breite geographische Ausrichtung mit regionalen Schwerpunkten in S\u00fcdostasien, Afrika, Lateinamerika und Europa aus. Dadurch er\u00f6ffnen sich Studierenden vielf\u00e4ltige M\u00f6glichkeiten, eigene regionale und thematische Interessen zu entwickeln.<\/p>\n\n\n\n<p class=\"wp-block-paragraph\">Alle Mitarbeitenden verbinden langj\u00e4hrige und intensive Vertrautheit mit ihren jeweiligen Forschungsregionen mit einer starken theoretischen Verankerung und einer globalen Perspektive, die nicht zuletzt aus dem engen wissenschaftlichen Austausch am Institut hervorgeht. Inhaltlich b\u00fcndeln sich unsere Forschungen insbesondere in den Bereichen Umwelt-, Wirtschafts- und Politikanthropologie. Mit diesen Schwerpunkten sind wir in verschiedene lokale und internationale Kooperationen sowie interdisziplin\u00e4re Forschungszusammenh\u00e4nge eingebunden.<\/p>\n\n\n\n<div style=\"height:50px\" aria-hidden=\"true\" class=\"wp-block-spacer\"><\/div>\n\n\n\n<p class=\"wp-block-paragraph\"><\/p>\n\n\t<\/div>\n","protected":false},"excerpt":{"rendered":"","protected":false},"author":382,"featured_media":0,"parent":167,"menu_order":0,"comment_status":"closed","ping_status":"closed","template":"","meta":{"_trash_the_other_posts":false,"editor_notices":[],"footnotes":""},"class_list":["post-293","page","type-page","status-publish","hentry"],"_links":{"self":[{"href":"https:\/\/uni-freiburg.de\/ska\/wp-json\/wp\/v2\/pages\/293","targetHints":{"allow":["GET"]}}],"collection":[{"href":"https:\/\/uni-freiburg.de\/ska\/wp-json\/wp\/v2\/pages"}],"about":[{"href":"https:\/\/uni-freiburg.de\/ska\/wp-json\/wp\/v2\/types\/page"}],"author":[{"embeddable":true,"href":"https:\/\/uni-freiburg.de\/ska\/wp-json\/wp\/v2\/users\/382"}],"replies":[{"embeddable":true,"href":"https:\/\/uni-freiburg.de\/ska\/wp-json\/wp\/v2\/comments?post=293"}],"version-history":[{"count":10,"href":"https:\/\/uni-freiburg.de\/ska\/wp-json\/wp\/v2\/pages\/293\/revisions"}],"predecessor-version":[{"id":5052,"href":"https:\/\/uni-freiburg.de\/ska\/wp-json\/wp\/v2\/pages\/293\/revisions\/5052"}],"up":[{"embeddable":true,"href":"https:\/\/uni-freiburg.de\/ska\/wp-json\/wp\/v2\/pages\/167"}],"wp:attachment":[{"href":"https:\/\/uni-freiburg.de\/ska\/wp-json\/wp\/v2\/media?parent=293"}],"curies":[{"name":"wp","href":"https:\/\/api.w.org\/{rel}","templated":true}]}}

<div style="height:25px" aria-hidden="true" class="wp-block-spacer"></div>



<div class="[&amp;&gt;*]:bl-relative last:[&amp;&gt;*.bl-absolute]:bl-absolute [&amp;&gt;*]:bl-z-20 last:[&amp;&gt;*]:bl-z-10 bl-relative bl-overflow-x-clip [.wp-block-ufr-section_&amp;]:bl-overflow-x-visible bl-bg-transparent bl-text-inherit dark:bl-bg-transparent dark:bl-text-inherit alignfull wp-block-ufr-section has-global-padding is-layout-constrained wp-block-ufr-section-is-layout-constrained">

	

<p class="wp-block-paragraph">Das Freiburger Institut für Sozial- und Kulturanthropologie verbindet die ethnographische Erforschung lokaler Lebenswelten mit der Analyse globaler Zusammenhänge und gesellschaftlich relevanter Fragestellungen. Zugleich verstehen wir unser Institut als einen Ort des Austauschs, des gemeinsamen Gestaltens und der kritischen Reflexion. Im Vergleich zu größeren Standorten ermöglicht die überschaubare Größe unseres Instituts eine persönliche Arbeits- und Lernatmosphäre sowie einen engen Austausch zwischen Lehrenden und Studierenden.</p>



<p class="wp-block-paragraph">Forschung und Lehre zeichnen sich durch eine breite geographische Ausrichtung mit regionalen Schwerpunkten in Südostasien, Afrika, Lateinamerika und Europa aus. Dadurch eröffnen sich Studierenden vielfältige Möglichkeiten, eigene regionale und thematische Interessen zu entwickeln.</p>



<p class="wp-block-paragraph">Alle Mitarbeitenden verbinden langjährige und intensive Vertrautheit mit ihren jeweiligen Forschungsregionen mit einer starken theoretischen Verankerung und einer globalen Perspektive, die nicht zuletzt aus dem engen wissenschaftlichen Austausch am Institut hervorgeht. Inhaltlich bündeln sich unsere Forschungen insbesondere in den Bereichen Umwelt-, Wirtschafts- und Politikanthropologie. Mit diesen Schwerpunkten sind wir in verschiedene lokale und internationale Kooperationen sowie interdisziplinäre Forschungszusammenhänge eingebunden.</p>



<div style="height:50px" aria-hidden="true" class="wp-block-spacer"></div>



<p class="wp-block-paragraph"></p>

	</div>
